)/4)?
11, 13
Suppose -2*x - 179 = -2*c + 51, -6 = -3*c. Suppose 0 = 56*l - 101*l - 8730. Let p = x - l. What are the prime factors of p?
3
Let a(r) = -r**2 - r - 2. Let t(i) = -7*i + 5. Let v(l) = -a(l) + t(l). What are the prime factors of v(18)?
223
Suppose -2*g = 3*g + 520. Let d = g - -106. Suppose 7*v - 2*h = 2*v + 326, 2*v - d*h - 134 = 0. What are the prime factors of v?
2
Suppose 26*n - 309 = 29*n. List the prime factors of 1 + -4 + (-5 - -1 - n).
2, 3
Suppose -8 = 140*x - 142*x. Suppose -3*u + 693 = -2*u + 3*k, -x*u - 5*k = -2807. List the prime factors of u.
2, 3, 59
List the prime factors of 6 + -2 + (12 - (-34830 - -17)).
29, 1201
Let u(i) be the second derivative of -31*i**3/3 + 25*i**2/2 - 4*i. Let x be u(-7). Suppose -5*z + x = 79. What are the prime factors of z?
2, 19
Let m be (0 + (-49)/(-14))/((-1)/108). Let g = 144 - m. Suppose 308 = 5*z - g. List the prime factors of z.
2, 83
Suppose 0 = -3*g + 2*v - 2 + 10, -4*g - v = 4. Suppose 3*l + 3*d - 156 = g, -5*l = -d - 169 - 85. Suppose -l + 133 = k. What are the prime factors of k?
2, 41
Let w be -8 + (9 - 18/3) + 31. Suppose -50*b - w*b + 89604 = 0. What are the prime factors of b?
3, 131
Suppose 3*y - 503 = -911. What are the prime factors of ((-346)/(-2))/((-34)/y)?
2, 173
Let v = -4942 + 22398. List the prime factors of v.
2, 1091
Let a(s) = 26*s**2 + 2*s - 31. Let b be (6/(-4))/((-20)/(-80)). List the prime factors of a(b).
19, 47
Let w(g) = -2*g - 13. Let v be w(-11). Let k(m) = m**3 - 6*m**2 + 6*m - 23. Let i be k(v). Suppose i = 12*n + 94. What are the prime factors of n?
3, 5
Let r(h) = h**2 - 11*h - 12. Suppose g = -2*x + 4*x - 4, 0 = -5*g + 2*x + 4. Suppose 0 = -g*n - 3*l + 25, n = 2*n + 3*l - 11. List the prime factors of r(n).
2, 3, 5
Let f = -26490 - -40421. What are the prime factors of f?
13931
Let q = 52 + -47. Suppose -4*k + q*n + 200 = 0, -3*k + 4*k = -3*n + 33. What are the prime factors of k?
3, 5
Suppose -2*v + 8 = h + 3*v, 4*h = v - 10. Suppose 8*t + 25 = 7*t - 2*s, 71 = -3*t - 4*s. What are the prime factors of h + -4 + 7 - t?
2, 11
Let s = -3 - -4. Suppose -5 = 4*c - k, 3*c - 4*k + 21 = s. Suppose 0 = -j - 2*j - 3, -5*d - 2*j + 178 = c. What are the prime factors of d?
2, 3
Let v = 32190 - 12496. List the prime factors of v.
2, 43, 229
Let s(t) = 2*t. Let j be s(6). Let m = 3612 - 3614. List the prime factors of j/24*(-324)/m.
3
Suppose -272*x + 321*x - 396655 = 0. What are the prime factors of x?
5, 1619
Let g = 132 - 130. Suppose -g*z = -2804 + 998. List the prime factors of z.
3, 7, 43
Let m(c) = -238*c + 57. Let v be m(-6). Suppose 0 = -2*k + 4*n - n + v, k + 3*n = 747. What are the prime factors of k?
2, 3, 31
Suppose -3*j + 47128 = -2411. Suppose 15*v - j = -3958. What are the prime factors of v?
3, 31
Let g = 3047 - 1397. Suppose -2*p + 5*u = -0*p - 1093, 3*p - 4*u = g. What are the prime factors of p?
2, 277
Suppose 63*q - 22*q - 969859 + 180240 = 0. List the prime factors of q.
19259
Let j(b) = -b**2 + 7*b + 78. Let z be j(-6). Let c(f) = -29 + 79 + 36 - 3*f + f**2. List the prime factors of c(z).
2, 43
Suppose 4*d = -5*o + 26434, -5*d - 4267 = 4*o - 25416. List the prime factors of o.
2, 3, 881
Let h(u) = -2*u**3 + 16*u**2 - 16*u - 6. Let z be h(7). Let c(x) = -x**3 - 18*x**2 + 20*x + 15. What are the prime factors of c(z)?
5, 83
Let x = -10811 - -21628. What are the prime factors of x?
29, 373
Let g be (-42)/(-12) + -2 + 3/(-2). Suppose g = 22*s + 10326 - 25726. What are the prime factors of s?
2, 5, 7
Suppose -2*n - 4*i = -1694, -n + 2527 = 2*n - i. Let l = -486 + n. What are the prime factors of l?
3, 7, 17
Suppose -12*k = -7 - 29. Suppose 2*y + k*y - 15 = 0. Suppose y*p - 3*w - 129 = 0, 4*p - 172 = 6*w - w. What are the prime factors of p?
43
Let x = -144 - -145. What are the prime factors of (x - (-14)/(-10)) + (-131076)/(-165)?
2, 397
Let m(w) = 432*w**2 + 2*w + 2. Let t be m(2). Let k = t + -309. Suppose 58*g - 63*g = -k. List the prime factors of g.
3, 5, 19
Let j = 5170 - 2667. Let g = j - 1631. What are the prime factors of g?
2, 109
Let i(w) = 9*w**2 + 31. Suppose 3*g = -7*g + 80. List the prime factors of i(g).
607
Let z(c) = 2*c**2 - 26 + 3*c + 74 + 24 + 17*c. List the prime factors of z(18).
2, 3, 5
Suppose 38 = 6*d - 4. Suppose 0 = -4*g + 27 - d. Suppose -3*m - 15 = -g*t - 4, 3*m = -5*t + 29. What are the prime factors of m?
3
Let z be 2/11*-6458 - (-12)/66. Let t = -444 - z. List the prime factors of t.
2, 5, 73
Let k(j) = -75*j**3 + 3*j**2 + 6*j + 4. Suppose -v + 2 = 0, 4*z + 2*v + 6 = -z. List the prime factors of k(z).
2, 151
Let c(t) = -19*t**3 - 2*t**2 - 9*t - 20. Let g be c(-7). Suppose -12*d = -14442 - g. List the prime factors of d.
2, 13, 67
Suppose -4*r - u = -33868, 4*r - 29*u = -34*u + 33852. What are the prime factors of r?
2, 29, 73
Suppose -2*s + 5*q = -11, -3*s - 25 + 4 = 5*q. Let w(k) be the first derivative of 19*k**3/3 - 2*k - 4. What are the prime factors of w(s)?
2, 37
Let y(b) = -3*b + 4 - 6*b + b + 6*b**2. Let x be (-1 + (-60)/(-36))/((-2)/(-12)). List the prime factors of y(x).
2, 17
Suppose 2*y + 1 - 2 = -u, -3*y - 16 = 5*u. Suppose y*h - h - 620 = -3*a, 4*h = -5*a + 1236. What are the prime factors of h?
2, 19
List the prime factors of (-149 + -1)*(-229008)/936.
2, 5, 367
Let j(i) = 20*i**2 - 99*i - 794. List the prime factors of j(-17).
3, 13, 19
Let k be (-8)/10*645/(-6). Suppose 0 = -2*w - 2, 9*x - 14*x + w + 161 = 0. Let m = k + x. List the prime factors of m.
2, 59
Let f be (1/(-1))/((-14)/7728). Suppose 0 = -3*l - 69 + f. List the prime factors of l.
7, 23
Let v(s) = -1415*s - 3812. List the prime factors of v(-43).
3, 6337
Suppose -7*i + 2565 = -1600. Let l = 921 - i. List the prime factors of l.
2, 163
Suppose -7*o = -3*w - 237863, -41*o + 3*w = -37*o - 135932. List the prime factors of o.
61, 557
Let w(n) = -433*n**3 - 521*n**2 - 2102*n + 5. What are the prime factors of w(-4)?
3, 59, 157
List the prime factors of 15204 + (-8 - (-3 + (7 - 10))).
2, 11, 691
Suppose -204069 = -30*t + 90531. List the prime factors of t.
2, 5, 491
Suppose -p + g = -155, -16*p + g - 645 = -20*p. Let k(n) = -4*n**3 + 2*n**2. Let l be k(-2). Let b = l + p. List the prime factors of b.
2, 5
Let u(v) = -37 - 16*v - 6*v**2 + v**2 + 2*v**2 + 2*v**2. Let f be u(-14). List the prime factors of 18 - f/((-36)/(-8)).
2, 5
What are the prime factors of (-2 - 126/4)*((-324)/(-9) + -496)?
2, 5, 23, 67
Let x(i) = -87*i**2 - 15*i + 6. Let m be x(-3). Let t = m + 1051. What are the prime factors of t?
11, 29
Let l = -67 + 70. Suppose -4*g = -3*g + l. What are the prime factors of 75/(-10)*54/g?
3, 5
Let g(q) = -q**3 + 3*q - 8. Let h be g(-4). Suppose -6*p + 10*p = h. Suppose p*a = 10*a + 35. What are the prime factors of a?
5, 7
Let a(v) = -17*v + 49. Let o be a(6). Let r = o - -181. List the prime factors of r.
2
Let w(n) = n**2 - 11*n + 21. Let g be (-1)/((-1)/(-3)) - -6. Suppose 43 = 4*r + g. List the prime factors of w(r).
11
Suppose -10*g + 9631 + 4779 = 0. List the prime factors of g.
11, 131
Suppose 262*o - 803165 = 20449227. List the prime factors of o.
2, 7, 2897
Let y be (1 - -4)*((-363)/5 + 5). Let r = -122 - y. What are the prime factors of r?
2, 3
Suppose 5*k - 5*d - 30 = 0, -4*k - 8*d + 21 = -9*d. Suppose 0*n - 4468 = -5*h - n, 2*h - k*n - 1771 = 0. List the prime factors of h.
19, 47
Let y be -5 + (-114)/(-1 - 2). Suppose -y*n + 7 = -32*n. Let f(d) = 28*d - 2. What are the prime factors of f(n)?
2, 97
Let x(p) = 3580*p**2 - 8*p - 31. List the prime factors of x(-4).
7, 167
Suppose 0 = 59*x + 15*x - x - 1970343. What are the prime factors of x?
3, 2999
Let i = 2595 - -22169. What are the prime factors of i?
2, 41, 151
List the prime factors of 9/(-6) - ((-13070)/60)/((-2)/(-30)).
2, 23, 71
List the prime factors of (-61)/915 + (-129243)/(-45).
2, 359
Suppose -22*q = -3086 - 3646. What are the prime factors of q?
2, 3, 17
Let p(q) = -2624*q + 531. What are the prime factors of p(-1)?
5, 631
Suppose b - 120 = -3*w - 36, -228 = -3*b - w. Suppose 2*m = -10, g + 5*m = m - b. List the prime factors of 466/22 - (-10)/g.
3, 7
Suppose 3 = 64*n - 67*n. What are the prime factors of 96 + -10*n/(-2)?
7, 13
Let f(g) = -189*g + 36. Let q be f(-14). Suppose 0 = -111*r + 105*r + q. List the prime factors of r.
3, 149
Suppose -574